14432?
88
Calculate the highest common divisor of 1135330 and 16550.
3310
What is the highest common divisor of 20 and 15071720?
20
Calculate the greatest common factor of 9595123 and 17.
17
What is the greatest common divisor of 132884958 and 6?
6
Calculate the highest common divisor of 1344210 and 66778.
346
Calculate the greatest common divisor of 860 and 1222310.
10
What is the highest common factor of 230 and 12987502?
46
What is the highest common divisor of 19454593 and 10229?
193
Calculate the highest common factor of 930008 and 808.
808
What is the highest common divisor of 1643934 and 4331?
71
Calculate the highest common factor of 8426 and 131318.
22
Calculate the greatest common factor of 752484 and 876.
876
Calculate the greatest common divisor of 4355341 and 7654.
43
Calculate the highest common factor of 4340 and 1394535.
155
Calculate the highest common divisor of 93986576 and 720.
16
What is the greatest common divisor of 260 and 23101320?
20
What is the greatest common factor of 1438677 and 8595?
9
Calculate the greatest common divisor of 66780 and 27560.
1060
Calculate the greatest common factor of 34 and 41690953.
17
What is the highest common factor of 776178 and 177192?
1926
Calculate the highest common divisor of 23713313 and 689.
689
Calculate the highest common divisor of 13212 and 308871.
9
What is the highest common factor of 8773383 and 5415?
1083
Calculate the greatest common divisor of 20444 and 1764102.
538
What is the highest common factor of 65377 and 1177397?
611
Calculate the greatest common factor of 78812 and 52.
4
Calculate the greatest common factor of 27110 and 289810.
10
What is the greatest common divisor of 246959785 and 92963?
7151
Calculate the greatest common factor of 189 and 309687.
21
Calculate the greatest common factor of 950334 and 290158.
2662
Calculate the highest common factor of 51 and 265527.
3
What is the highest common divisor of 162 and 4036203?
27
What is the highest common factor of 375905943 and 6286?
3143
What is the highest common factor of 1810970 and 24682?
574
What is the greatest common factor of 418053 and 3062412?
993
Calculate the highest common factor of 58627943 and 115.
23
Calculate the highest common divisor of 1972 and 10574816.
68
What is the highest common divisor of 22302 and 10199802?
354
Calculate the highest common factor of 36 and 21464892.
36
Calculate the greatest common factor of 1213304815 and 155.
155
What is the highest common divisor of 150947164 and 12?
4
Calculate the greatest common divisor of 56805084 and 1134.
378
Calculate the highest common divisor of 45026538 and 6.
6
What is the greatest common factor of 119938044 and 204?
12
What is the greatest common divisor of 226 and 18809076?
226
What is the greatest common factor of 6693519 and 273?
21
Calculate the highest common factor of 30217607 and 161.
161
What is the highest common divisor of 17547783 and 363?
363
Calculate the greatest common factor of 230738545 and 535.
535
Calculate the greatest common divisor of 839535 and 3796095.
1455
Calculate the greatest common factor of 557101 and 3875.
31
Calculate the highest common factor of 17557452 and 8316.
1188
What is the highest common divisor of 91460474 and 42?
14
What is the greatest common divisor of 61 and 257457?
1
What is the greatest common divisor of 94254 and 527298?
138
What is the highest common factor of 152 and 23865976?
152
What is the greatest common divisor of 351 and 291114?
27
Calculate the highest common factor of 9585 and 319815.
135
Calculate the greatest common divisor of 674766 and 3857.
19
Calculate the greatest common divisor of 857856 and 4848.
48
Calculate the highest common divisor of 210827750 and 182.
14
What is the highest common factor of 1142 and 2122?
2
What is the highest common factor of 575 and 10296295?
115
What is the greatest common factor of 165 and 114699765?
15
What is the greatest common divisor of 18344636 and 4?
4
Calculate the greatest common divisor of 415574 and 473854.
94
Calculate the highest common divisor of 19623 and 3731535.
633
Calculate the greatest common divisor of 32320 and 1136755.
505
What is the highest common divisor of 20720688 and 388096?
6064
What is the highest common factor of 342 and 6705841?
19
Calculate the highest common factor of 13395604 and 14.
2
What is the greatest common divisor of 2928 and 582780336?
2928
What is the greatest common divisor of 29424168 and 6?
6
Calculate the greatest common factor of 16 and 7508496.
16
What is the highest common factor of 1596 and 1815492?
84
What is the greatest common divisor of 775126562 and 14?
14
Calculate the greatest common divisor of 3 and 113570619.
3
What is the highest common factor of 442 and 13025434?
34
Calculate the greatest common divisor of 9599090 and 3350.
670
Calculate the greatest common divisor of 10 and 36614195.
5
What is the greatest common divisor of 480 and 9046880?
160
What is the highest common factor of 35135 and 775?
5
Calculate the greatest common divisor of 147 and 50547665.
49
Calculate the highest common divisor of 6944 and 41174448.
3472
What is the greatest common divisor of 5930 and 1623942360?
5930
Calculate the highest common factor of 52433036 and 8767.
797
Calculate the highest common divisor of 123225 and 179087.
1643
What is the greatest common factor of 81876 and 2852?
4
What is the highest common factor of 10691778 and 774?
258
Calculate the highest common factor of 3186 and 13661804.
118
Calculate the highest common divisor of 550425 and 12828900.
3075
Calculate the greatest common factor of 12372 and 11436.
12
Calculate the greatest common factor of 233690001 and 4754.
2377
Calculate the highest common divisor of 66314 and 495722.
142
What is the highest common divisor of 26509 and 56497?
49
What is the highest common divisor of 2231292 and 51?
3
What is the greatest common divisor of 5692520 and 324520?
2440
What is the greatest common factor of 249 and 17022387?
249
What is the highest common divisor of 2433790 and 30?
10
Calculate the greatest common factor of 94192 and 4270.
14
Calculate the highest common factor of 9774282 and 777.
21
What is the greatest common factor of 14822885 and 2310?
385
What is the highest common divisor of 866789 and 3157?
77
What is the highest common divisor of 865664 and 172?
4
Calculate the greatest common factor of 77 and 84770259.
7
What is the highest common factor of 10578602 and 5848?
86
Calculate the highest common factor of 100 and 2874208.
4
What is the highest common divisor of 5005 and 73905?
65
What is the greatest common factor of 27804 and 56628804?
3972
What is the highest common factor of 1168 and 9925591?
73
Calculate the highest common factor of 2432295 and 199305.
1935
Calculate the greatest common factor of 47180 and 8848.
28
What is the highest common factor of 11 and 1134551011?
11
What is the highest common factor of 304 and 10060976?
16
Calculate the highest common factor of 18084715 and 55.
55
What is the greatest common divisor of 15265 and 925437572?
3053
Calculate the highest common divisor of 300737 and 539586.
967
What is the greatest common factor of 3433494 and 31236?
822
Calculate the greatest common factor of 3663060120 and 12.
12
What is the greatest common factor of 3191227 and 169?
169
Calculate the highest common factor of 100375 and 122441440.
4015
What is the highest common factor of 150297 and 6188?
119
Calculate the highest common factor of 34602711 and 61620.
3081
What is the highest common divisor of 744 and 9877096?
248
Calculate the greatest common factor of 8137398 and 5430.
1086
Calculate the greatest common factor of 18568056 and 336.
24
Calculate the greatest common divisor of 118377631 and 15087.
5029
What is the greatest common divisor of 220 and 7638906?
22
What is the greatest common factor of 93246626 and 137258?
8074
What is the highest common divisor of 99673 and 111905283?
3437
Calculate the greatest common divisor of 3705 and 435415.
5
Calculate the highest common factor of 28 and 46450474.
14
Calculate the highest common divisor of 5 and 4166005.
5
What is the highest common factor of 255316333 and 1354?
677
What is the greatest common divisor of 2600590 and 7750?
310
Calculate the greates